{"id":668,"date":"2023-01-31T12:10:58","date_gmt":"2023-01-31T11:10:58","guid":{"rendered":"http:\/\/vcdbtournai.be\/?page_id=668"},"modified":"2025-06-06T11:57:33","modified_gmt":"2025-06-06T09:57:33","slug":"notre-comite","status":"publish","type":"page","link":"https:\/\/vcdbtournai.be\/index.php\/notre-comite\/","title":{"rendered":"Notre comit\u00e9"},"content":{"rendered":"\n<p><strong>Comit\u00e9 :<\/strong><\/p>\n\n\n\n<div class=\"wp-block-group\"><div class=\"wp-block-group__inner-container is-layout-flow wp-block-group-is-layout-flow\">\n<div class=\"wp-block-media-text alignwide is-stacked-on-mobile is-vertically-aligned-center\" style=\"grid-template-columns:30% auto\"><figure class=\"wp-block-media-text__media\"><img loading=\"lazy\" decoding=\"async\" width=\"487\" height=\"1024\" src=\"http:\/\/vcdbtournai.be\/wp-content\/uploads\/2023\/01\/328518622_913365293430911_5335618744182949705_n-487x1024.jpg\" alt=\"\" class=\"wp-image-1116 size-full\" srcset=\"https:\/\/vcdbtournai.be\/wp-content\/uploads\/2023\/01\/328518622_913365293430911_5335618744182949705_n-487x1024.jpg 487w, https:\/\/vcdbtournai.be\/wp-content\/uploads\/2023\/01\/328518622_913365293430911_5335618744182949705_n-143x300.jpg 143w, https:\/\/vcdbtournai.be\/wp-content\/uploads\/2023\/01\/328518622_913365293430911_5335618744182949705_n-768x1615.jpg 768w, https:\/\/vcdbtournai.be\/wp-content\/uploads\/2023\/01\/328518622_913365293430911_5335618744182949705_n-731x1536.jpg 731w, https:\/\/vcdbtournai.be\/wp-content\/uploads\/2023\/01\/328518622_913365293430911_5335618744182949705_n.jpg 828w\" sizes=\"auto, (max-width: 487px) 100vw, 487px\" \/><\/figure><div class=\"wp-block-media-text__content\">\n<ul>\n<li>Decock Christian : Pr\u00e9sident<\/li>\n<li>Cl\u00e9ment Leclercq : Vice pr\u00e9sident<\/li>\n<li>Patricia Remue : Secr\u00e9taire<\/li>\n<li>Jean Paul Dussart : Tr\u00e9sorier<\/li>\n<li>Antonin Heras : Membre\u00a0<\/li>\n<li>Elo\u00efse Decock : Membre<\/li>\n<li>Jean Philippe L\u00e9ger : Membre<\/li>\n<li>Xavier Waerenburgh : Membre<\/li>\n<\/ul>\n<\/div><\/div>\n<\/div><\/div>\n","protected":false},"excerpt":{"rendered":"<p>Comit\u00e9 : Decock Christian : Pr\u00e9sident Cl\u00e9ment Leclercq : Vice pr\u00e9sident Patricia Remue : Secr\u00e9taire Jean Paul Dussart : Tr\u00e9sorier Antonin Heras : Membre\u00a0 Elo\u00efse Decock : Membre Jean Philippe [&hellip;]<\/p>\n","protected":false},"author":1,"featured_media":0,"parent":0,"menu_order":0,"comment_status":"closed","ping_status":"closed","template":"","meta":{"footnotes":""},"class_list":["post-668","page","type-page","status-publish","hentry"],"_links":{"self":[{"href":"https:\/\/vcdbtournai.be\/index.php\/wp-json\/wp\/v2\/pages\/668","targetHints":{"allow":["GET"]}}],"collection":[{"href":"https:\/\/vcdbtournai.be\/index.php\/wp-json\/wp\/v2\/pages"}],"about":[{"href":"https:\/\/vcdbtournai.be\/index.php\/wp-json\/wp\/v2\/types\/page"}],"author":[{"embeddable":true,"href":"https:\/\/vcdbtournai.be\/index.php\/wp-json\/wp\/v2\/users\/1"}],"replies":[{"embeddable":true,"href":"https:\/\/vcdbtournai.be\/index.php\/wp-json\/wp\/v2\/comments?post=668"}],"version-history":[{"count":10,"href":"https:\/\/vcdbtournai.be\/index.php\/wp-json\/wp\/v2\/pages\/668\/revisions"}],"predecessor-version":[{"id":1588,"href":"https:\/\/vcdbtournai.be\/index.php\/wp-json\/wp\/v2\/pages\/668\/revisions\/1588"}],"wp:attachment":[{"href":"https:\/\/vcdbtournai.be\/index.php\/wp-json\/wp\/v2\/media?parent=668"}],"curies":[{"name":"wp","href":"https:\/\/api.w.org\/{rel}","templated":true}]}}