{"id":1337,"date":"2023-09-19T16:05:18","date_gmt":"2023-09-19T14:05:18","guid":{"rendered":"http:\/\/vcdbtournai.be\/?page_id=1337"},"modified":"2023-09-20T11:52:36","modified_gmt":"2023-09-20T09:52:36","slug":"retrouvez-votre-club-de-volley-prefere-sur-le-net-et-les-reseaux-sociaux","status":"publish","type":"page","link":"https:\/\/vcdbtournai.be\/index.php\/retrouvez-votre-club-de-volley-prefere-sur-le-net-et-les-reseaux-sociaux\/","title":{"rendered":"R\u00e9seaux sociaux"},"content":{"rendered":"\n<p>Retrouvez votre club de volley-ball pr\u00e9f\u00e9r\u00e9 sur les r\u00e9seaux sociaux.  N&rsquo;h\u00e9sitez pas \u00e0 nous identifier et \u00e0 parler de nous via ou sur vos profils personnels. La meilleure publicit\u00e9 c&rsquo;est le bouche-\u00e0-oreille et aussi les publications sur les r\u00e9seaux.<\/p>\n\n\n\n<p>Notre page Facebook.  Cliquez sur le logo, vous serez instantan\u00e9ment redirig\u00e9 vers la page du club, il ne vous restera plus qu&rsquo;\u00e0 \u00ab\u00a0nous aimer\u00a0\u00bb \ud83d\ude09<\/p>\n\n\n\n<figure class=\"wp-block-image size-full is-resized\"><a href=\"https:\/\/www.facebook.com\/volleyclubdonboscotournai\"><img loading=\"lazy\" decoding=\"async\" src=\"http:\/\/vcdbtournai.be\/wp-content\/uploads\/2020\/12\/png-clipart-facebook-logo-computer-icons-facebook-logo-facebook.png\" alt=\"\" class=\"wp-image-824\" width=\"147\" height=\"147\" srcset=\"https:\/\/vcdbtournai.be\/wp-content\/uploads\/2020\/12\/png-clipart-facebook-logo-computer-icons-facebook-logo-facebook.png 900w, https:\/\/vcdbtournai.be\/wp-content\/uploads\/2020\/12\/png-clipart-facebook-logo-computer-icons-facebook-logo-facebook-300x300.png 300w, https:\/\/vcdbtournai.be\/wp-content\/uploads\/2020\/12\/png-clipart-facebook-logo-computer-icons-facebook-logo-facebook-150x150.png 150w, https:\/\/vcdbtournai.be\/wp-content\/uploads\/2020\/12\/png-clipart-facebook-logo-computer-icons-facebook-logo-facebook-768x768.png 768w\" sizes=\"auto, (max-width: 147px) 100vw, 147px\" \/><\/a><\/figure>\n\n\n\n<p>Identifiez notre lieu sur Instagram <\/p>\n\n\n\n<figure class=\"wp-block-image size-full is-resized\"><a href=\"https:\/\/www.instagram.com\/explore\/locations\/1470599703164067\/volley-club-don-bosco-tournai\/\"><img loading=\"lazy\" decoding=\"async\" src=\"http:\/\/vcdbtournai.be\/wp-content\/uploads\/2023\/09\/Instagram_icon.png\" alt=\"\" class=\"wp-image-1338\" width=\"128\" height=\"128\" srcset=\"https:\/\/vcdbtournai.be\/wp-content\/uploads\/2023\/09\/Instagram_icon.png 600w, https:\/\/vcdbtournai.be\/wp-content\/uploads\/2023\/09\/Instagram_icon-300x300.png 300w, https:\/\/vcdbtournai.be\/wp-content\/uploads\/2023\/09\/Instagram_icon-150x150.png 150w\" sizes=\"auto, (max-width: 128px) 100vw, 128px\" \/><\/a><\/figure>\n\n\n\n<p>Pour nos affili\u00e9s rejoignez notre groupe sur Facebook<\/p>\n\n\n\n<figure class=\"wp-block-image size-full is-resized\"><a href=\"https:\/\/www.facebook.com\/groups\/352838491474347\/?hoisted_section_header_type=recently_seen&amp;multi_permalinks=3508756029215895\"><img loading=\"lazy\" decoding=\"async\" src=\"http:\/\/vcdbtournai.be\/wp-content\/uploads\/2020\/12\/4e5939c6-a747-458a-8fde-649fcdc30b8a.png\" alt=\"\" class=\"wp-image-817\" width=\"173\" height=\"105\" srcset=\"https:\/\/vcdbtournai.be\/wp-content\/uploads\/2020\/12\/4e5939c6-a747-458a-8fde-649fcdc30b8a.png 731w, https:\/\/vcdbtournai.be\/wp-content\/uploads\/2020\/12\/4e5939c6-a747-458a-8fde-649fcdc30b8a-300x182.png 300w, https:\/\/vcdbtournai.be\/wp-content\/uploads\/2020\/12\/4e5939c6-a747-458a-8fde-649fcdc30b8a-494x300.png 494w\" sizes=\"auto, (max-width: 173px) 100vw, 173px\" \/><\/a><\/figure>\n","protected":false},"excerpt":{"rendered":"<p>Retrouvez votre club de volley-ball pr\u00e9f\u00e9r\u00e9 sur les r\u00e9seaux sociaux. N&rsquo;h\u00e9sitez pas \u00e0 nous identifier et \u00e0 parler de nous via ou sur vos profils personnels. La meilleure publicit\u00e9 c&rsquo;est [&hellip;]<\/p>\n","protected":false},"author":1,"featured_media":0,"parent":0,"menu_order":0,"comment_status":"closed","ping_status":"closed","template":"","meta":{"footnotes":""},"class_list":["post-1337","page","type-page","status-publish","hentry"],"_links":{"self":[{"href":"https:\/\/vcdbtournai.be\/index.php\/wp-json\/wp\/v2\/pages\/1337","targetHints":{"allow":["GET"]}}],"collection":[{"href":"https:\/\/vcdbtournai.be\/index.php\/wp-json\/wp\/v2\/pages"}],"about":[{"href":"https:\/\/vcdbtournai.be\/index.php\/wp-json\/wp\/v2\/types\/page"}],"author":[{"embeddable":true,"href":"https:\/\/vcdbtournai.be\/index.php\/wp-json\/wp\/v2\/users\/1"}],"replies":[{"embeddable":true,"href":"https:\/\/vcdbtournai.be\/index.php\/wp-json\/wp\/v2\/comments?post=1337"}],"version-history":[{"count":6,"href":"https:\/\/vcdbtournai.be\/index.php\/wp-json\/wp\/v2\/pages\/1337\/revisions"}],"predecessor-version":[{"id":1350,"href":"https:\/\/vcdbtournai.be\/index.php\/wp-json\/wp\/v2\/pages\/1337\/revisions\/1350"}],"wp:attachment":[{"href":"https:\/\/vcdbtournai.be\/index.php\/wp-json\/wp\/v2\/media?parent=1337"}],"curies":[{"name":"wp","href":"https:\/\/api.w.org\/{rel}","templated":true}]}}